{"id":66,"date":"2020-10-06T12:03:30","date_gmt":"2020-10-06T10:03:30","guid":{"rendered":"https:\/\/cyrknop.fr\/?page_id=66"},"modified":"2025-09-06T10:47:14","modified_gmt":"2025-09-06T08:47:14","slug":"infos-pratiques","status":"publish","type":"page","link":"https:\/\/cyrknop.fr\/index.php\/ecole-de-cirque\/infos-pratiques\/","title":{"rendered":"Infos pratiques2025"},"content":{"rendered":"<p>[vc_row][vc_column][vc_custom_heading text=\u00a0\u00bbInfos Pratiques\u00a0\u00bb][vc_column_text]<\/p>\n<h2><strong>Lieu:<\/strong><\/h2>\n<p>Aux Pilles, sous le chapiteau.. il est tr\u00e8s grand vous ne pourrez pas le rater..<\/p>\n<p>Celui-ci se trouve place de la jardini\u00e8re, juste sous la place d&rsquo;olivier o\u00f9 se passe le march\u00e9 producteur du lundi.<\/p>\n<p>&nbsp;<\/p>\n<h2><strong>Horaires:<\/strong><\/h2>\n<p>(d\u00e9but des cours le mardi 23 septembre)<\/p>\n<h4>Mardi<\/h4>\n<ul>\n<li>enfants (6-7 ans) : 17h \u00e0 18h30<\/li>\n<li>a\u00e9riens (11 ans et +) : 18h30 \u2013 20h30<\/li>\n<\/ul>\n<h4>Mercredi<\/h4>\n<ul>\n<li>\u00e9veil (4-5 ans) : 11h \u00e0 12h<\/li>\n<li>moyens (8-11 ans) : 14h \u00e0 16h<\/li>\n<li>ados (11 ans et +) : 16h \u00e0 18h<\/li>\n<li>ados \u2013 adultes : 18h \u00e0 20h<\/li>\n<\/ul>\n<p>Les groupes sont susceptibles d&rsquo;\u00eatre modifi\u00e9s selon les inscriptions.<\/p>\n<h2><strong>Tarifs:<\/strong><\/h2>\n<ul>\n<li>\u00e9veil cirque: 1h \/ semaine = 270\u20ac\/ ann\u00e9e (soit 90\u20ac par trimestre)<\/li>\n<li>enfants : 1h30\/ semaine = 315\u20ac\/ ann\u00e9e (soit 105\u20ac par trimestre)<\/li>\n<li>moyens et ados : 2h\u00a0 \/ semaine = 360\u20ac\/ ann\u00e9e (soit 120\u20ac par trimestre)<\/li>\n<\/ul>\n<p>+ Adh\u00e9sion : 35\u20ac \/ ann\u00e9e<\/p>\n<p>Pour tous renseignements contacter Giselle 0608083824[\/vc_column_text][\/vc_column][\/vc_row]<\/p>\n","protected":false},"excerpt":{"rendered":"<p>[vc_row][vc_column][vc_custom_heading text=\u00a0\u00bbInfos Pratiques\u00a0\u00bb][vc_column_text] Lieu: Aux Pilles, sous le chapiteau.. il est tr\u00e8s grand vous ne pourrez pas le rater.. Celui-ci se trouve place de la jardini\u00e8re, juste sous la place d&rsquo;olivier o\u00f9 se passe le march\u00e9 producteur du lundi. &nbsp; Horaires: (d\u00e9but des cours le mardi 23 septembre) Mardi enfants (6-7 ans) : 17h \u00e0 [&hellip;]<\/p>\n","protected":false},"author":1,"featured_media":0,"parent":60,"menu_order":0,"comment_status":"closed","ping_status":"closed","template":"","meta":[],"_links":{"self":[{"href":"https:\/\/cyrknop.fr\/index.php\/wp-json\/wp\/v2\/pages\/66"}],"collection":[{"href":"https:\/\/cyrknop.fr\/index.php\/wp-json\/wp\/v2\/pages"}],"about":[{"href":"https:\/\/cyrknop.fr\/index.php\/wp-json\/wp\/v2\/types\/page"}],"author":[{"embeddable":true,"href":"https:\/\/cyrknop.fr\/index.php\/wp-json\/wp\/v2\/users\/1"}],"replies":[{"embeddable":true,"href":"https:\/\/cyrknop.fr\/index.php\/wp-json\/wp\/v2\/comments?post=66"}],"version-history":[{"count":11,"href":"https:\/\/cyrknop.fr\/index.php\/wp-json\/wp\/v2\/pages\/66\/revisions"}],"predecessor-version":[{"id":822,"href":"https:\/\/cyrknop.fr\/index.php\/wp-json\/wp\/v2\/pages\/66\/revisions\/822"}],"up":[{"embeddable":true,"href":"https:\/\/cyrknop.fr\/index.php\/wp-json\/wp\/v2\/pages\/60"}],"wp:attachment":[{"href":"https:\/\/cyrknop.fr\/index.php\/wp-json\/wp\/v2\/media?parent=66"}],"curies":[{"name":"wp","href":"https:\/\/api.w.org\/{rel}","templated":true}]}}

<p>[vc_row][vc_column][vc_custom_heading text= »Infos Pratiques »][vc_column_text]</p>
<h2><strong>Lieu:</strong></h2>
<p>Aux Pilles, sous le chapiteau.. il est très grand vous ne pourrez pas le rater..</p>
<p>Celui-ci se trouve place de la jardinière, juste sous la place d&rsquo;olivier où se passe le marché producteur du lundi.</p>
<p>&nbsp;</p>
<h2><strong>Horaires:</strong></h2>
<p>(début des cours le mardi 23 septembre)</p>
<h4>Mardi</h4>
<ul>
<li>enfants (6-7 ans) : 17h à 18h30</li>
<li>aériens (11 ans et +) : 18h30 – 20h30</li>
</ul>
<h4>Mercredi</h4>
<ul>
<li>éveil (4-5 ans) : 11h à 12h</li>
<li>moyens (8-11 ans) : 14h à 16h</li>
<li>ados (11 ans et +) : 16h à 18h</li>
<li>ados – adultes : 18h à 20h</li>
</ul>
<p>Les groupes sont susceptibles d&rsquo;être modifiés selon les inscriptions.</p>
<h2><strong>Tarifs:</strong></h2>
<ul>
<li>éveil cirque: 1h / semaine = 270€/ année (soit 90€ par trimestre)</li>
<li>enfants : 1h30/ semaine = 315€/ année (soit 105€ par trimestre)</li>
<li>moyens et ados : 2h  / semaine = 360€/ année (soit 120€ par trimestre)</li>
</ul>
<p>+ Adhésion : 35€ / année</p>
<p>Pour tous renseignements contacter Giselle 0608083824[/vc_column_text][/vc_column][/vc_row]</p>

<p>[vc_row][vc_column][vc_custom_heading text= »Infos Pratiques »][vc_column_text] Lieu: Aux Pilles, sous le chapiteau.. il est très grand vous ne pourrez pas le rater.. Celui-ci se trouve place de la jardinière, juste sous la place d&rsquo;olivier où se passe le marché producteur du lundi. &nbsp; Horaires: (début des cours le mardi 23 septembre) Mardi enfants (6-7 ans) : 17h à [&hellip;]</p>
